{"id":3382,"date":"2023-10-10T17:19:11","date_gmt":"2023-10-10T15:19:11","guid":{"rendered":"http:\/\/www.odnowa.domchleba.com\/?page_id=3382"},"modified":"2023-10-10T17:19:12","modified_gmt":"2023-10-10T15:19:12","slug":"seminarium-nowe-zycie","status":"publish","type":"page","link":"http:\/\/www.odnowa.domchleba.com\/?page_id=3382","title":{"rendered":"Seminarium Nowe \u017bycie"},"content":{"rendered":"\n<figure class=\"wp-block-embed is-type-video is-provider-youtube wp-block-embed-youtube wp-embed-aspect-16-9 wp-has-aspect-ratio\"><div class=\"wp-block-embed__wrapper\">\n<iframe loading=\"lazy\" title=\"01 Seminaria &quot;Nowe \u017bycie w Duchu \u015awi\u0119tym&quot; 2023 - Tydzie\u0144 wprowadzaj\u0105cy\" width=\"640\" height=\"360\" src=\"https:\/\/www.youtube.com\/embed\/LMJyF9HVGfE?feature=oembed\" frameborder=\"0\" allow=\"accelerometer; autoplay; clipboard-write; encrypted-media; gyroscope; picture-in-picture; web-share\" allowfullscreen><\/iframe>\n<\/div><\/figure>\n\n\n\n<figure class=\"wp-block-embed is-type-video is-provider-youtube wp-block-embed-youtube wp-embed-aspect-16-9 wp-has-aspect-ratio\"><div class=\"wp-block-embed__wrapper\">\n<iframe loading=\"lazy\" title=\"02 Seminaria &quot;Nowe \u017bycie w Duchu \u015awi\u0119tym&quot; 2023 - Bo\u017ca mi\u0142o\u015b\u0107\" width=\"640\" height=\"360\" src=\"https:\/\/www.youtube.com\/embed\/XVXaO8-ETZY?feature=oembed\" frameborder=\"0\" allow=\"accelerometer; autoplay; clipboard-write; encrypted-media; gyroscope; picture-in-picture; web-share\" allowfullscreen><\/iframe>\n<\/div><\/figure>\n\n\n\n<figure class=\"wp-block-embed is-type-video is-provider-youtube wp-block-embed-youtube wp-embed-aspect-16-9 wp-has-aspect-ratio\"><div class=\"wp-block-embed__wrapper\">\n<iframe loading=\"lazy\" title=\"03 Seminaria &quot;Nowe \u017bycie w Duchu \u015awi\u0119tym&quot; 2023 - Zbawienie\" width=\"640\" height=\"360\" src=\"https:\/\/www.youtube.com\/embed\/uuWr0lMD7uc?feature=oembed\" frameborder=\"0\" allow=\"accelerometer; autoplay; clipboard-write; encrypted-media; gyroscope; picture-in-picture; web-share\" allowfullscreen><\/iframe>\n<\/div><\/figure>\n\n\n\n<figure class=\"wp-block-embed is-type-video is-provider-youtube wp-block-embed-youtube wp-embed-aspect-16-9 wp-has-aspect-ratio\"><div class=\"wp-block-embed__wrapper\">\n<iframe loading=\"lazy\" title=\"04 Seminaria &quot;Nowe \u017bycie w Duchu \u015awi\u0119tym&quot; 2023 - Nowe \u017bycie\" width=\"640\" height=\"360\" src=\"https:\/\/www.youtube.com\/embed\/pzBQxLAcuAs?feature=oembed\" frameborder=\"0\" allow=\"accelerometer; autoplay; clipboard-write; encrypted-media; gyroscope; picture-in-picture; web-share\" allowfullscreen><\/iframe>\n<\/div><\/figure>\n\n\n\n<p><\/p>\n\n\n\n<figure class=\"wp-block-embed is-type-video is-provider-youtube wp-block-embed-youtube wp-embed-aspect-16-9 wp-has-aspect-ratio\"><div class=\"wp-block-embed__wrapper\">\n<iframe loading=\"lazy\" title=\"05 Seminaria &quot;Nowe \u017bycie w Duchu \u015awi\u0119tym&quot; 2023 - Przyjmujemy Bo\u017cy dar\" width=\"640\" height=\"360\" src=\"https:\/\/www.youtube.com\/embed\/A_G9cfir73s?feature=oembed\" frameborder=\"0\" allow=\"accelerometer; autoplay; clipboard-write; encrypted-media; gyroscope; picture-in-picture; web-share\" allowfullscreen><\/iframe>\n<\/div><\/figure>\n\n\n\n<figure class=\"wp-block-embed is-type-video is-provider-youtube wp-block-embed-youtube wp-embed-aspect-16-9 wp-has-aspect-ratio\"><div class=\"wp-block-embed__wrapper\">\n<iframe loading=\"lazy\" title=\"06 Seminaria &quot;Nowe \u017bycie w Duchu \u015awi\u0119tym&quot; 2022 - Odnowiony w Duchu \u015awi\u0119tym\" width=\"640\" height=\"360\" src=\"https:\/\/www.youtube.com\/embed\/Bczv6jxcMiU?feature=oembed\" frameborder=\"0\" allow=\"accelerometer; autoplay; clipboard-write; encrypted-media; gyroscope; picture-in-picture; web-share\" allowfullscreen><\/iframe>\n<\/div><\/figure>\n\n\n\n<figure class=\"wp-block-embed is-type-video is-provider-youtube wp-block-embed-youtube wp-embed-aspect-16-9 wp-has-aspect-ratio\"><div class=\"wp-block-embed__wrapper\">\n<iframe loading=\"lazy\" title=\"07 Seminaria &quot;Nowe \u017bycie w Duchu \u015awi\u0119tym&quot; 2022 - Wzrost\" width=\"640\" height=\"360\" src=\"https:\/\/www.youtube.com\/embed\/euycJavCZTE?feature=oembed\" frameborder=\"0\" allow=\"accelerometer; autoplay; clipboard-write; encrypted-media; gyroscope; picture-in-picture; web-share\" allowfullscreen><\/iframe>\n<\/div><\/figure>\n\n\n\n<figure class=\"wp-block-embed is-type-video is-provider-youtube wp-block-embed-youtube wp-embed-aspect-16-9 wp-has-aspect-ratio\"><div class=\"wp-block-embed__wrapper\">\n<iframe loading=\"lazy\" title=\"08 Seminaria &quot;Nowe \u017bycie w Duchu \u015awi\u0119tym&quot; 2023 - Przeobra\u017cenie w Chrystusie\" width=\"640\" height=\"360\" src=\"https:\/\/www.youtube.com\/embed\/AaS5SXGRDF4?feature=oembed\" frameborder=\"0\" allow=\"accelerometer; autoplay; clipboard-write; encrypted-media; gyroscope; picture-in-picture; web-share\" allowfullscreen><\/iframe>\n<\/div><\/figure>\n","protected":false},"excerpt":{"rendered":"","protected":false},"author":1,"featured_media":0,"parent":0,"menu_order":0,"comment_status":"closed","ping_status":"closed","template":"","meta":[],"_links":{"self":[{"href":"http:\/\/www.odnowa.domchleba.com\/index.php?rest_route=\/wp\/v2\/pages\/3382"}],"collection":[{"href":"http:\/\/www.odnowa.domchleba.com\/index.php?rest_route=\/wp\/v2\/pages"}],"about":[{"href":"http:\/\/www.odnowa.domchleba.com\/index.php?rest_route=\/wp\/v2\/types\/page"}],"author":[{"embeddable":true,"href":"http:\/\/www.odnowa.domchleba.com\/index.php?rest_route=\/wp\/v2\/users\/1"}],"replies":[{"embeddable":true,"href":"http:\/\/www.odnowa.domchleba.com\/index.php?rest_route=%2Fwp%2Fv2%2Fcomments&post=3382"}],"version-history":[{"count":1,"href":"http:\/\/www.odnowa.domchleba.com\/index.php?rest_route=\/wp\/v2\/pages\/3382\/revisions"}],"predecessor-version":[{"id":3384,"href":"http:\/\/www.odnowa.domchleba.com\/index.php?rest_route=\/wp\/v2\/pages\/3382\/revisions\/3384"}],"wp:attachment":[{"href":"http:\/\/www.odnowa.domchleba.com\/index.php?rest_route=%2Fwp%2Fv2%2Fmedia&parent=3382"}],"curies":[{"name":"wp","href":"https:\/\/api.w.org\/{rel}","templated":true}]}}